 k be ((-2)/(-6))/((-4)/(-36)). Suppose 4*o = -5*r + 278, k = -r + 5. What is the tens digit of o?
6
Let c(b) = -b**3 - 10*b**2 + 2*b - 2. Let t be c(-10). Let k = t - -23. What is the units digit of k*13 - (-15)/(-5)?
0
Let u be 32/(6 - 2) + -1. Let b(f) = f**3 - 7*f**2 + 11*f + 13. What is the tens digit of b(u)?
9
Suppose -9*n + 152 = -5*n. Let l be (-1)/5 + n/(-10). Let k = 27 + l. What is the tens digit of k?
2
Let n = 2 + -11. Suppose -4*d + 26 = -6*d. Let v = n - d. What is the units digit of v?
4
Let w(x) = x**3 + 5*x**2 - 6*x + 4. Let r be w(-6). Suppose 0 = -r*z + 2*z + 6. Suppose -z*q = -152 + 20. What is the tens digit of q?
4
Let c = -39 + 43. Suppose c*h - 220 - 240 = 0. What is the units digit of h?
5
Let g be ((-4)/(-5))/(1/35). Let b = g + 3. What is the tens digit of b?
3
Let f(h) = 9*h**2 - h - 35. What is the hundreds digit of f(6)?
2
Let h be 48/(-60)*(-31 - -1). What is the units digit of (37/(-2))/((-6)/h)?
4
Suppose 7 = -3*d + 31. Let l = d + -6. Suppose 34 = z + 2*r, -2*z + l*r + 72 = 7*r. What is the tens digit of z?
2
Let u(d) = 20*d - 30. Let y be u(9). Suppose y = 4*m + m. What is the tens digit of m?
3
Suppose -12 = -5*m - z, -m + 5 - 11 = -4*z. Suppose 0 = 7*r - m*r - 30. Suppose -5*c = -3*y - 11, r*c = 4*y + 3*c. What is the units digit of y?
3
Let y(v) = -v**3 + v**2 + v - 8. Let a be y(0). Let p be (a/5)/(7/(-350)). What is the tens digit of (p/(-8))/((-2)/2)?
1
Suppose 0 = -4*x + 23 - 11, -2*k - 2*x = -6178. What is the units digit of k?
6
Suppose 2*p + 443 = 3*u, 2*u + 5*p - 187 = 140. What is the hundreds digit of u?
1
Let b = 1879 - 1053. What is the units digit of b?
6
What is the units digit of 0 - -9 - (-797 - -1)?
5
Let n be ((-21)/(-9))/(-1) - 1/(-3). Let y(w) = -20*w**3 - 2*w**2 - 1. What is the hundreds digit of y(n)?
1
Let n(k) = 2*k**2 + 7*k + 720. What is the hundreds digit of n(0)?
7
Let b = 1701 + -1172. What is the units digit of b?
9
Let n(k) = -k**2 + 2*k + 4. Let h be n(6). Suppose 2*b - 2*r - 61 = 31, 3*b + r = 134. Let w = h + b. What is the units digit of w?
5
Suppose 0 = -101*y + 93*y + 16440. What is the hundreds digit of y?
0
Suppose 0 = -5*j - 4*i - 736, 2*j + 117 = -i - 175. Suppose -150 = 4*o - 2*d + 214, -364 = 4*o - 4*d. Let w = o - j. What is the tens digit of w?
5
Suppose -3*u + 5*y + 109 = 0, -3*u + y + 195 - 70 = 0. What is the tens digit of u?
4
Let t be (-8)/3*(-21)/14. Let r(m) = m - 4. Let l be r(t). Suppose 5*n - 36 - 49 = l. What is the units digit of n?
7
Let a(w) = 1218*w**2 - 10*w + 4. What is the thousands digit of a(2)?
4
Let x(y) = 217*y**2 + 36*y - 43. What is the tens digit of x(5)?
6
Let c = -104 + -6. What is the hundreds digit of 6*(-4)/6 - c?
1
Suppose t = -0*c + 4*c - 323, -5*t - 238 = -3*c. Suppose 289 + c = 5*d. What is the tens digit of d?
7
Suppose 0 = 14*i - 9*i + 1550. Let l = -221 - i. What is the tens digit of l?
8
Let m = 35 + -35. Suppose 4*d - 540 + 128 = m. What is the units digit of d?
3
Let i(z) be the first derivative of z**5/20 + z**4/12 + z**3/6 + 11*z**2 + 6*z + 5. Let m(u) be the first derivative of i(u). What is the tens digit of m(0)?
2
Let z(n) = -7*n + 2*n + 1 + 1. Let j be (4/(-5))/(-2) - (-49)/(-35). What is the units digit of z(j)?
7
Suppose -5*l = -41 - 34. Let x be (l/12)/((-1)/(-4)). Suppose 0 = 5*p - 2*u + u - 29, -x*p + 31 = u. What is the units digit of p?
6
Suppose 6*s + 0*s = -3*u + 12402, -16563 = -4*u + s. What is the hundreds digit of u?
1
Let g(k) = 296*k**2 + 2*k - 79. What is the thousands digit of g(4)?
4
What is the thousands digit of 653430/253 + 6/22?
2
Let z be 26/4 - 4/(-8). Let q(n) = -n**2 + 5*n + 1. Let u be q(z). Let w = u - -15. What is the units digit of w?
2
Let n = 2 + -7. Let g(w) = -w. Let r be g(n). Suppose r*v = 108 - 28. What is the units digit of v?
6
Let j = 42 + -26. Let k = j - -10. What is the tens digit of k?
2
Let s = -492 + 218. Let f = -127 - s. What is the tens digit of f?
4
Let k(a) = 22*a**3 + 2*a**2 - 2. Suppose 3*m - 19 = 4*q, 4*m - 3*q + 4 = 20. What is the units digit of k(m)?
2
Suppose 0 = -l - 3*o + 4270, 74*o - 75*o + 5 = 0. What is the units digit of l?
5
Let s(j) = j**3 + 12*j**2 + 11*j - 1. Let i be s(-11). Let t = 1 + i. What is the tens digit of ((-81)/(-12) + t)*8?
5
Let q(u) = -u**2 - 5*u - 2. Let d be q(-2). Suppose -d*z = z - 10. Suppose -9 = -z*l + 31. What is the tens digit of l?
2
Let l be 18/24 + (-354)/(-8). Let q be 528/8 + 1*-1. Suppose 3*v + z = l, -2*v + 5*z - q = -7*v. What is the tens digit of v?
1
Suppose 3*b = -9*v + 4*v + 17, -2*b - 5*v + 13 = 0. Suppose -12 = a - b*a. Suppose 9 = 3*d, 2*d - 20 = -2*i + a*d. What is the units digit of i?
3
Suppose -4*f = -4*p, 0 = -5*f - 5 + 20. Suppose -d + 11 = p. What is the tens digit of 3*d/(-12) + 47?
4
Let y(t) = -t**2 - 5*t + 5. Let b be y(-5). Suppose 2*s - b*s = -15. Suppose s = 5*l, -v = l + 6 - 32. What is the tens digit of v?
2
Let k = 20 + -19. Let j be 4 - k - (-96)/(-12). Let o(v) = -v**2 - 10*v + 10. What is the units digit of o(j)?
5
Let n(b) = -2*b**3 + 29*b**2 + 6*b + 18. What is the tens digit of n(12)?
1
Let n = 471 - 461. Let b = -5 + 1. What is the units digit of ((4 - -2) + b)*n?
0
Let p be 11764/30 - (-24)/(-180). Let y = p - 275. What is the hundreds digit of y?
1
Suppose a - 948 = -3*g + 1802, 5*a = 4*g - 3654. What is the tens digit of g?
1
Suppose -1029 = -4*q - 4*x + 811, 3*q = -x + 1386. What is the hundreds digit of q?
4
Let y = -2187 + 3796. What is the tens digit of y?
0
Suppose 2*d = -3*d + 25. Suppose d*t + t - 300 = 0. What is the units digit of t?
0
Let s = 247 + -170. Suppose 0 = -3*p + s + 100. What is the units digit of p?
9
Suppose 16*q - 2899 - 21213 = 0. What is the tens digit of q?
0
Let p = -14 + 20. Suppose -5*s + 2*u = -14, 3*s - 2*u + 0*u = p. Suppose -4*w = -6*m + m - 47, s*m + 35 = 3*w. What is the units digit of w?
3
Let j = -20 - -21. Let x be -2*j - -13*10. Suppose 4*z + 4*a - 80 = 40, 2*a - x = -4*z. What is the units digit of z?
4
Let v(z) = 8*z**2 - 234*z - 27. What is the hundreds digit of v(39)?
0
Suppose -4*g + 7*g + 23 = -5*o, 2*g - o = -11. Let k(y) = -9*y - 12. Let q(x) = -x + 1. Let w(a) = k(a) - 3*q(a). What is the units digit of w(g)?
1
Suppose 0 = -6*i + 78 + 1230. Let q = -44 + i. What is the tens digit of q?
7
Suppose -t = -3*w - 22, -2*t + 0*t - 4*w = -4. What is the units digit of t?
0
Let x(h) be the first derivative of 19*h**2/2 + 9*h + 4. What is the hundreds digit of x(5)?
1
Suppose 1 - 17 = -4*r. Let j be ((-6)/5)/(r/(-90)). Let z = j - -5. What is the tens digit of z?
3
Let v = -22 + 26. Suppose -3*d = 3*j - 0 - 3, -3*j + v*d = -10. Suppose a = 26 + j. What is the tens digit of a?
2
Let a(s) = 73*s - 357. What is the tens digit of a(27)?
1
Suppose 145 = 2*w + 5*b, -2*w - w + 2*b = -265. Let o = w + -47. What is the tens digit of o?
3
Let p = 2015 + -148. What is the thousands digit of p?
1
Let s(x) = -55*x**3 + x**2. Suppose 3*r + r - 5*n = -9, -4*n = -4*r - 8. What is the units digit of s(r)?
6
Suppose -3184 = -9*n + 2657. What is the tens digit of n?
4
Suppose 4*y - b - 3 = 2*y, 0 = 2*y - 3*b - 5. What is the units digit of y - 878/(-10) - (-1)/5?
9
Suppose 0 = 8*f - 2*f - 528. Let b = f + -32. What is the units digit of b?
6
Suppose 0 = -2*s + 1092 - 196. What is the tens digit of s?
4
Let c be (-1)/(-3) + 121/33. Suppose 0 = c*a - 15 - 5. Suppose a - 2 = 3*m. What is the units digit of m?
1
Let k(a) = -7*a**2 - 3*a - 2. Let b be k(-1). What is the tens digit of (b/(-9))/(6/135)?
1
Let j = 7 - 7. Let o = 6 + j. What is the tens digit of (-2)/o - (-147)/9?
1
Suppose -8*d = 10*d - 10944. What is the hundreds digit of d?
6
Suppose -2*f + 0*x = 5*x - 15, 0 = 4*f - 2*x + 6. Suppose 3*s - 5*j + 84 + 103 = 0, -2*s - 2*j - 114 = f. Let y = -27 - s. What is the tens digit of y?
3
Let l(h) = -h**2 - 6*h + 3. Let j be l(-7). Let f = 6 - j. Suppose 15 = f*r - 5*r. What is the units digit of r?
3
Suppose 5*u = -2*w - 20, 5*u + 5 = 3*w - 15. Suppose w = 5*s - 378 - 262. What is the tens digit of s?
2
Suppose 0*j - 13 = -2*p - j, 3*p = -3*j + 21. Suppose -p*u = -163 - 17. What is the units digit of u?
0
Suppose 137*l = 142*l - 1490. What is the units digit of l?
8
Suppose 3930 = 4*z - 3*c, -5*z + 4*c - 3*c + 4918 = 0. What is the tens digit of z?
8
Let x 